 - a - 128 = 0, x = -3*a + 45. Let u(d) = 2*d + 22. Let v be u(0). What is the greatest common factor of v and x?
11
Suppose 225 = 8*i - 895. What is the highest common divisor of i and 20?
20
Suppose -5*c = 66 + 139. Let b = 9 + c. Let l = b - -52. Calculate the highest common factor of l and 8.
4
Let o(l) = -2*l - 7. Let m = 8 - 2. Suppose -14 = 4*z + m. Let x be o(z). Calculate the highest common divisor of x and 24.
3
Suppose 26 = -k + 64. Let j = k - 10. Suppose -3*v + 12 = -0*v. What is the greatest common divisor of j and v?
4
Let p(g) = -6 + 3 + 2*g - 30*g. Let c be 4 + -2*7/2. Let w be p(c). What is the highest common divisor of w and 9?
9
Let z(k) = -k**2 + 34*k - 70. Let j be z(31). What is the greatest common factor of 115 and j?
23
Let f = 22 + 3. Suppose -5*j - f = -6*j. What is the greatest common factor of 5 and j?
5
Suppose 0*w - 5 = -w. Suppose -w*x = 2*k - 14, 2*x - 3*k - 14 = -k. Calculate the greatest common divisor of 28 and x.
4
Suppose -4*j = 5*k - 244, 0 = -k + 1 - 5. Calculate the greatest common divisor of 6 and j.
6
Let r = 29 + 6. What is the highest common factor of 5 and r?
5
Let j be ((-14)/8)/((-1)/(-4)). Let t be (-7548)/(-42) + (-2)/j. Let m = 10 - -10. Calculate the highest common factor of m and t.
20
Let c(w) = 27*w - 5. Let u be c(-11). Let v be (-13)/39 + u/(-6). Calculate the highest common factor of 10 and v.
10
Suppose 2*a = -2*x - 1 + 15, 2*x + 4*a = 6. Let f be (-4)/(-2) + 2/2. Suppose -298 = -f*r - 1. Calculate the highest common factor of x and r.
11
Suppose 2*u - 7 = s, -8*u + 13 = 2*s - 3*u. Let z be (-38)/s*(2 - 1). What is the highest common divisor of z and 95?
19
Let x(f) = 5*f**2 - f. Let n be 2*-1 + 3 + -3. Let d be x(n). What is the greatest common factor of 55 and d?
11
Suppose 5*z - 5 = 15. Let c be z + -3 - (1 - 2). What is the highest common divisor of c and 22?
2
Suppose 7*f - 21 = 4*f. Calculate the highest common factor of f and 7.
7
Let d(q) = 18*q**2 + 2*q - 2. Let h be d(-3). Let a = -2 - -6. Let z(p) = 3*p + 2. Let n be z(a). What is the greatest common divisor of h and n?
14
Suppose -3*u = 3, -4*i - 5*u + 4 = -27. Calculate the greatest common divisor of i and 3.
3
Suppose -6*h + 12 = -4*h. Calculate the highest common factor of h and 54.
6
Suppose -3*h = -211 - 53. What is the greatest common divisor of 8 and h?
8
Let o = 23 - 32. Let i be (-1)/3 + (-111)/o. Suppose -36 = -2*l - 0*l. Calculate the greatest common factor of l and i.
6
Let r(b) = 34*b**3 + b**2 + b - 1. Let z be r(1). Suppose -2*m + 4*o = 10, 3*o = -5*m + 4*m + 20. Calculate the highest common factor of m and z.
5
Suppose -2*i + 435 = -7*i. Let t = -47 - i. Suppose 5*m + d = 2*d + 21, d - 19 = -3*m. Calculate the highest common divisor of m and t.
5
Suppose 0*q - 18 = 3*q + 3*m, -q = -3*m - 14. Let a be (q - -2) + (-4 - -19). What is the greatest common factor of 24 and a?
8
Let k be (-24)/6 - (1 + -26). Let h be 28/k*(0 + 9). What is the greatest common factor of 96 and h?
12
Let w(i) = i**3 + 6*i**2 - 6*i - 9. Let k be w(-3). Calculate the greatest common factor of 90 and k.
18
Let z = 19 + -5. Let x = -2 + 4. Calculate the greatest common divisor of x and z.
2
Let h be (-2 - -3)*(-19)/(-1). Suppose 3*z = 5*k + h, 0*z - 4*k - 17 = -3*z. Calculate the greatest common factor of 1 and z.
1
Let v = 5 - 7. Let r be 10 - (-1 + -2 - v). Calculate the highest common divisor of r and 11.
11
Let u be 124/3 - 3/9. Suppose -2*j + 69 = -u. Let y be j/4*(4 - 0). Calculate the greatest common factor of y and 11.
11
Suppose -4*o = -o - 546. Calculate the greatest common divisor of 26 and o.
26
Let h = 50 + -32. Let b = -1 + -7. Let k = 14 + b. What is the greatest common divisor of k and h?
6
Let j be -2 - (23 + 0 + 0). Let k = -13 - j. Suppose k = 3*c - 6. Calculate the greatest common factor of 9 and c.
3
Suppose -3*w + 9 = -5*a + 2*a, -3*w - 4*a + 23 = 0. Suppose 14 = 3*y - c, 8*y - 6 = 7*y - c. Let v = y - 3. Calculate the greatest common divisor of v and w.
1
Suppose t - 449 = 3*p, p - 2*p = -2*t + 148. Let j be p/(-24) - 1/4. Let r be j/33 + (-152)/(-11). Calculate the greatest common divisor of 112 and r.
14
Let w = -14 + 38. Let n(h) = -4*h**2 - 5*h - 7. Let a(z) = z**2 + 1. Let b(c) = -5*a(c) - n(c). Let j be b(4). What is the highest common factor of j and w?
6
Suppose -5*z + 110 = -4*m, 5*m + 74 = 3*z + m. Let l(f) = -f**2 - 7*f - 6. Let h be l(-4). What is the highest common factor of z and h?
6
Let w(l) = 2*l**2 + 8*l + 2. Let k be w(-7). Suppose 0 = 3*u - 40 - 158. Calculate the greatest common divisor of k and u.
22
Let r(k) = 8*k**2 + 7*k - 6. Let i be r(1). Let a = -11 + 7. Let d be (-502)/(-8) + (-1)/a. Calculate the greatest common divisor of d and i.
9
Suppose 32 - 12 = 5*u. Let j = 2 - 0. What is the highest common factor of u and j?
2
Let c be -4 + (2 + 7)*1. Calculate the highest common divisor of 35 and c.
5
Suppose 3*n - 5*a = 11, 0*a + 3*a + 3 = 0. Suppose 4*u - 10 = n*u. Suppose 5*i - 2 = 3*h - 0, 0 = -u*i + 5*h. Calculate the greatest common factor of 4 and i.
1
Let y(c) = 4*c**2 - 3*c + 2. Let h be y(5). Let r = h + -29. Calculate the highest common factor of 87 and r.
29
Let g = 35 - 14. What is the highest common factor of g and 3?
3
Suppose 3*z = -4*i - 108, 0*z = -z + 3*i - 23. Let c = -12 - z. What is the highest common factor of 10 and c?
10
Let d(a) be the first derivative of a**3/3 - 3*a**2 + 2*a + 3. Let o be d(6). Let q be 6/(o*-1 + 3). What is the highest common divisor of q and 6?
6
Let z(n) = -4 + 6 - 3*n + 4*n + 6. Let w be z(-8). Let y be w/1 - 3 - -5. What is the greatest common factor of 2 and y?
2
Let c be (2/(-1))/(2/(-52)). Suppose 0*t - c = -4*t. Calculate the greatest common factor of 65 and t.
13
Let t = 14 + -7. What is the greatest common divisor of 56 and t?
7
Suppose -1639 = -3*o + 53. Suppose -392 = -3*v - 4*i, -4*v - 2*i + 7*i = -o. Let a be 4/(-22) + v/22. Calculate the highest common divisor of a and 9.
3
Suppose 0 = 5*j + 6 + 24. Let a be 11 - -72 - j/(-2). Calculate the highest common divisor of a and 16.
16
Let v be 1 + -1 + -1 + 65. Let p be ((-6)/2)/((-3)/8). Calculate the highest common divisor of p and v.
8
Let a be 219/5 + 4/20. What is the greatest common divisor of 11 and a?
11
Let b be (18/(-1) - 0)/((-4)/14). Calculate the highest common divisor of 21 and b.
21
Suppose 3*k + 421 = 3*c - k, 393 = 3*c + 3*k. Let d(y) = y**3 + 11*y**2 - 13*y + 3. Let h be d(-12). Calculate the highest common factor of h and c.
15
Suppose 5*v + 4*b - 56 = 0, 3*v - 4*b = 6*v - 32. What is the greatest common divisor of 348 and v?
12
Suppose -4*t + 11 = -3*r, -2*t - r + 28 = 3*t. Let o(h) = -h**2 + 8*h - 7. Let a be o(t). What is the highest common factor of 64 and a?
8
Let f be (10/2)/((-3)/(-21)). What is the greatest common divisor of 315 and f?
35
Suppose -3*j = j. Suppose 0 = a - j*r + r - 82, 2*a - r - 158 = 0. Suppose 0 = 2*o - 8 - 24. Calculate the greatest common divisor of o and a.
16
Suppose -2*l + 254 = -42. Suppose -n + l = 5*s, 2*s = n + 84 - 22. Calculate the greatest common factor of 15 and s.
15
Let r be 600/45*(-72)/10*-2. Calculate the highest common divisor of r and 24.
24
Let h be 12 + 2 - 0/(-2). Let x(j) = j**3 + 9*j**2 + 14*j + 4. Let v be x(-4). What is the highest common divisor of v and h?
14
Suppose -2 = -q + 14. Let g = 26 - q. Suppose u - g = -u. Calculate the greatest common divisor of u and 40.
5
Suppose 0*t - 14 = -2*t. Suppose -21 = -t*g + 4*g. Calculate the highest common divisor of g and 49.
7
Suppose -4*q = 419 + 97. Let l = q + 207. Let k = l + -29. Calculate the greatest common divisor of 7 and k.
7
Let a = 162 + -96. What is the highest common factor of a and 6?
6
Let s = 11 - 7. Suppose s*d + 98 = 302. Suppose -2*k - 5*j = -73, -135 = -4*k - 0*k + j. Calculate the highest common factor of k and d.
17
Let r = 0 + -6. Let d be r/9 + 100/6. Calculate the greatest common factor of 40 and d.
8
Suppose 5*v - 593 = 207. Suppose -5*j - 2*i + 72 = -18, 75 = 5*j - i. Calculate the highest common divisor of j and v.
16
Suppose 3*z - 4*z = 3. Let g(o) = -2*o**3 + o + 3. Let l be g(z). What is the highest common factor of l and 6?
6
Let q be 2/1*5/2. Let s = -130 + 184. Suppose 4*w + 18 + 0 = 2*m, 0 = -q*m + w + s. Calculate the greatest common